 5*f - h = 384. Is f a prime number?
True
Is ((-1480342)/(-22))/(7/77) a prime number?
True
Let r(k) = -k**3 - 15*k**2 - 12*k + 29. Let x be r(-14). Suppose 1 = n - x. Suppose n*s = 4993 + 1785. Is s composite?
False
Suppose -10*h = -13*h + 15. Suppose -1207 = -h*x + 2*z, -3*z + z = 2*x - 480. Let v = 555 - x. Is v prime?
False
Suppose -3*o = -z + 4*z - 66, 5*z = 4*o + 83. Let c = z - 14. Let d(j) = 8*j**2 - 9*j - 6. Is d(c) a composite number?
False
Let o = -2939 + 16126. Let j = o + 3572. Is j a prime number?
True
Suppose -16*j = -84188 - 237204. Is j a prime number?
False
Let p(z) = 8693*z**3 - 27*z**2 + 92*z - 31. Is p(3) composite?
False
Let p(m) = 47*m**3 + 2*m**2 - 61*m + 110. Is p(16) prime?
False
Let w = 21409 - -47350. Is w a prime number?
False
Suppose 5*c + 353585 = 5*g, -g - 23001 = -4*c - 93718. Is g composite?
False
Let b(u) be the third derivative of -99*u**4/8 + 23*u**3/6 + 8*u**2 - 3. Is b(-4) composite?
True
Let b(u) = -162694*u - 380. Is b(-1) a prime number?
False
Is (-5371)/(-123)*1293/1 prime?
False
Suppose 0 = -4*m + q - 63, -13*m + 2*q + 82 = -18*m. Is m/(-8) + -109*(-12 - -1) a prime number?
True
Let o be 112/(-21) - -7 - (-29143)/3. Suppose -23849 = -5*r + 2*s, -5*r + 5*s = -14139 - o. Is r a prime number?
False
Suppose 4*b - 3936 = -2*w, 1211 + 758 = w + 3*b. Suppose -6*r = -8*r + w. Is r a composite number?
False
Suppose -5*o - 1 - 13 = -i, -5*o + 40 = 5*i. Suppose 5*r + i*f - 19800 = 4*f, 5*r = 5*f + 19790. Is r a prime number?
False
Suppose -v - 9*u + 8*u = 7, 4*u = 2*v - 10. Let z be -3*v/(-12) - 13446/24. Is (-28)/(-6)*z/(-34) composite?
True
Suppose -6*h + 2*h = -4*j - 40, -2*h - 6*j - 4 = 0. Suppose -z + 18720 = -h*l + 11*l, 0 = -4*l - 2*z + 18724. Is l a composite number?
False
Let k = 17649 - 11506. Is k a prime number?
True
Suppose -72*a = -164345607 - 55517397 + 48421572. Is a a prime number?
False
Suppose -3*b = -5*u - 805, -5*u - 3*b - 166 - 639 = 0. Let o = -15 - -11. Is (o - -4) + -3 - u a prime number?
False
Let t(k) be the third derivative of k**5/12 + k**4/24 - 5*k**3/6 - 20*k**2 + 2*k. Is t(4) a composite number?
False
Let h = -12701 - -5789. Let m = 13231 + h. Is m composite?
True
Let r = 316167 + 46456. Is r prime?
False
Suppose -5*z + 11283 = -22*o + 26*o, -11280 = -5*z - 5*o. Suppose -217*k = -208*k - z. Is k prime?
True
Let j(n) = -79*n**3 + 14*n**2 + 99. Is j(-10) a prime number?
False
Let v(a) = 1. Let g(c) = -2*c + 28. Let p(f) = g(f) + 5*v(f). Let k be p(15). Suppose z = -2*z - 4*b + 95, -k*z - 5*b + 91 = 0. Is z a prime number?
True
Let o(w) = w**2 - 7*w - 5. Let p be o(7). Let k(r) = 152*r**2 + 6*r + 9. Is k(p) composite?
False
Let a be (0 - -1346) + (-180)/(-36). Let i = a + 1152. Is i a composite number?
False
Let y(n) = n**3 + 19*n**2 - 21*n - 20. Let k be y(-20). Let g(b) be the first derivative of b**3/3 + 293*b + 1. Is g(k) a composite number?
False
Let n(z) = -z**3 + 12*z**2 - z - 14. Let f be n(9). Suppose -4*s = -l - 24 - f, -5*l + 5*s = 1265. Is 3/(l/280 - 2/(-2)) a prime number?
False
Suppose -82180186 - 36077255 = -312*h - 99*h. Is h a composite number?
False
Let x(n) = -4*n**3 - 25*n**2 - 65*n + 37. Is x(-15) a prime number?
True
Let o(n) = -29*n**3 - 45*n**2 + 51*n + 715. Is o(-36) a composite number?
False
Let z(q) = 3975*q**2 + 96*q - 185. Is z(-14) prime?
True
Let c(i) = -4*i**3 + 11*i**2 + 8*i + 104. Let k be c(-10). Suppose -l - 3*v + 2387 = 0, -3*l + 2053 + k = 5*v. Is l composite?
False
Let k(q) = -3*q**3 + 100*q**2 + 25*q + 84. Let d be k(33). Let v(g) = 126*g**3 - g**2 - 3*g - 1. Let c be v(-2). Let f = d + c. Is f a prime number?
True
Let a = -4338 + -19111. Let x = a - -45404. Is x prime?
False
Let t(k) = -325*k - 1085. Let z be t(-8). Let c(m) = -12*m**3 - 8*m**2 + 7*m + 1. Let s be c(-7). Let a = s - z. Is a a composite number?
False
Suppose -5*x = -5*t - 162480, 55*t - 46*t + 63 = 0. Is x a composite number?
True
Suppose -17*d + 12*d = -90. Suppose -5*a + d = -14*a. Is 2/8*a + (-1494)/(-4) composite?
False
Let s be (-27562)/((-3 - 5)/(-64)). Is ((-1)/(-2))/((-8)/s) prime?
True
Is (-1227285)/(-39) - (75/(-65) - -1) a prime number?
True
Let o = -76594 + 112373. Is o composite?
True
Suppose v = 76 + 139. Let l = -84 + v. Is l a composite number?
False
Suppose -3233*b + 3208*b + 48525 = 0. Suppose -4*q = -2216 + 264. Let h = q + b. Is h a composite number?
True
Let u(t) = -255*t - 26. Let o be u(-11). Suppose -5*a + 4521 = -o. Suppose -3*c + a = 4*w - 276, 2*c - 866 = -2*w. Is w a prime number?
False
Suppose n = 850 + 656. Let v = n + -2156. Let s = v + 1113. Is s prime?
True
Let i be ((-123)/(-6) - 6)*356. Suppose -3*k = 6, -5*p + 3*k - 1791 = -i. Is p composite?
False
Suppose 2*u = 27 + 81. Let h = u - 54. Suppose h = 15*x - 14*x - 51. Is x a prime number?
False
Is ((-4)/(-22) + 560/308)*13591 a composite number?
True
Suppose 3*y = -2*l + l + 4, -3*y = 5*l + 4. Suppose 5*j = -5*a + j - 8787, 2*a + 3514 = -y*j. Let q = a - -3228. Is q prime?
False
Suppose 4*v = -4*f + 2052, -5*f = -3*v - 1088 - 1493. Suppose 0 = -3*k - 3*w + 256 + f, -1024 = -4*k - 3*w. Is k prime?
False
Suppose 4*t - 3145 = -3*m, -m + 5*t - 5240 = -6*m. Suppose 0 = -5*l, -2*d + 527 = l - m. Is d composite?
False
Let h(a) = -222*a**3 + 6*a + 6. Let l be 4 - (-10 - -3)*-1. Let j be h(l). Suppose 0*z - 6*z + j = 0. Is z a composite number?
False
Suppose 11*r = -2*r + 3302. Suppose 5*l + 4*w = 32670, 0 = 3*l + 3*w - 19348 - r. Suppose -7*j + l + 305 = 0. Is j a prime number?
True
Let g = -77912 + 211231. Is g a composite number?
False
Let f = 12346 + -6463. Suppose -3*p = 5*x + 14992, -4*p - f = 5*x + 14103. Let q = 7716 + p. Is q prime?
False
Suppose -373*n + 85839780 - 26797237 = 0. Is n composite?
True
Suppose -32*p + 6367021 = -372083. Is p a composite number?
True
Suppose 8 = 3*i + 4*z, -7*i - 5*z = -3*i - 9. Let x(t) = 7*t + 23. Let q be x(i). Is (-16)/(-72)*9 - q*319 prime?
True
Let y be (-4 + -4093 - 2) + -3. Is (2 + y/(-2))/1 composite?
False
Suppose -271764 = 3*r + b - 1487396, 0 = 2*r - 4*b - 810426. Is r prime?
True
Suppose 3*y + 4*i + 86917 = 0, -3*i = 2*i - 10. Let a = -17640 - y. Is a a prime number?
False
Let o = 305177 + -114698. Is o a prime number?
False
Is (-14368220)/60*(-30)/10 a prime number?
True
Let v(i) be the second derivative of 571*i**4/4 - 5*i**3/6 + 5*i**2/2 - 18*i. Is v(1) prime?
False
Suppose -3*f = 21, 0 = 1931*w - 1930*w + 5*f - 267756. Is w composite?
False
Let a = 45 + -45. Suppose -10*d + 11*d = a. Suppose 0*i + i = 5*p - 4498, d = 3*p - i - 2700. Is p a prime number?
False
Let i = 313 + -1252. Suppose 4*z = 2*z + 3716. Let l = i + z. Is l a composite number?
False
Suppose 0 = -5*n - 5*l - 60, -2*n - 3*l - 17 = 9. Let w(c) = -1122*c - 25. Let u be w(n). Suppose 12*k = -u + 45551. Is k prime?
False
Let x(p) = -5372*p**3 + 2*p**2 + 164*p + 493. Is x(-3) a prime number?
True
Let y(x) = 1055*x**2 + 151*x - 1833. Is y(14) prime?
True
Suppose 0 = -4*l + 21*l - 255. Suppose -l*q + 8*q = -10493. Is q prime?
True
Suppose -5*a + 4*w = 6, -6 - 10 = -2*a - 3*w. Let f be a/(-8)*-2*0/(-13). Suppose f*r = r - 4, 5*v + 3*r = 16507. Is v a prime number?
True
Let d = 30 + 320. Suppose -138 - d = 4*w. Let b = w - -240. Is b a prime number?
False
Let i(c) = -2*c**3 - 68*c**2 + 66*c - 133. Is i(-62) a prime number?
True
Is (-20)/10 - 10 - -88711 a composite number?
True
Let c be (0 + -2)/(-11 + (5 - -8)). Is (24602/8)/((1/(-4))/c) a composite number?
False
Let o = -551 + 556. Suppose 5300 = o*p - m, 3*p - 7*p + 4239 = -m. Is p a prime number?
True
Let o(r) = -5*r**2 + 95*r + 4 - 136*r**3 - 35*r - 50*r + 50. Is o(-5) a composite number?
False
Suppose -67*v + 63*v - 502056 = -4*q, 502105 = 4*q + 3*v. Is q composite?
True
Let m(a) = a**3 - 30*a**2 + 6*a - 21. Let d be m(17). Let y be (-4)/(-1 - d/3668). Is 2*(-5)/20*y a prime number?
False
Let g(l) = 832*l**2 + 55*l + 790. Is g(-21) prime?
True
Let k be (3/5)/((-1)/(-5)). Let g = 1589 - 1584. Suppose -1750 = -k*p + g*a - 668, -3*a = -p + 362. Is p composite?
False
Is ((-12 - -5)/(-21))/((-28)/(-13999188)) a composite number?
False
Let n(g) = 1194*g**2 - 5*g - 3. Let d be (-20)/8 - ((-28)/8)/7. Is n(d) a prime number?
True
Let p be 1/3 + 34304/48. Suppose 2*o = 7823 + p. Is o a prime number?
False
Suppose -4*j + 239810 = -3*o, -12